ivided by 55.
39
What is the remainder when 423 is divided by 194?
35
Calculate the remainder when 116 is divided by 24.
20
Calculate the remainder when 248 is divided by 34.
10
What is the remainder when 104 is divided by 20?
4
What is the remainder when 223 is divided by 56?
55
What is the remainder when 108 is divided by 14?
10
What is the remainder when 565 is divided by 30?
25
What is the remainder when 824 is divided by 99?
32
What is the remainder when 275 is divided by 46?
45
Calculate the remainder when 467 is divided by 7.
5
Calculate the remainder when 1228 is divided by 14.
10
Calculate the remainder when 138 is divided by 22.
6
What is the remainder when 142 is divided by 75?
67
What is the remainder when 2004 is divided by 5?
4
Calculate the remainder when 2672 is divided by 81.
80
What is the remainder when 721 is divided by 22?
17
What is the remainder when 2499 is divided by 25?
24
Calculate the remainder when 1041 is divided by 12.
9
What is the remainder when 939 is divided by 86?
79
What is the remainder when 181 is divided by 118?
63
Calculate the remainder when 510 is divided by 240.
30
What is the remainder when 2968 is divided by 11?
9
What is the remainder when 516 is divided by 179?
158
Calculate the remainder when 3083 is divided by 27.
5
What is the remainder when 753 is divided by 18?
15
Calculate the remainder when 84 is divided by 20.
4
Calculate the remainder when 1302 is divided by 45.
42
Calculate the remainder when 275 is divided by 46.
45
What is the remainder when 251 is divided by 18?
17
What is the remainder when 213 is divided by 32?
21
What is the remainder when 239 is divided by 28?
15
What is the remainder when 816 is divided by 78?
36
Calculate the remainder when 26 is divided by 2.
0
What is the remainder when 2464 is divided by 65?
59
Calculate the remainder when 129 is divided by 10.
9
Calculate the remainder when 259 is divided by 92.
75
Calculate the remainder when 27439 is divided by 5.
4
Calculate the remainder when 273 is divided by 20.
13
What is the remainder when 725 is divided by 22?
21
What is the remainder when 225 is divided by 28?
1
What is the remainder when 379 is divided by 10?
9
Calculate the remainder when 304 is divided by 34.
32
What is the remainder when 68 is divided by 38?
30
What is the remainder when 63 is divided by 33?
30
What is the remainder when 3308 is divided by 1653?
2
What is the remainder when 68 is divided by 25?
18
What is the remainder when 646 is divided by 36?
34
What is the remainder when 93 is divided by 23?
1
Calculate the remainder when 176 is divided by 38.
24
Calculate the remainder when 171 is divided by 45.
36
What is the remainder when 118 is divided by 7?
6
What is the remainder when 11852 is divided by 9?
8
Calculate the remainder when 13246 is divided by 69.
67
What is the remainder when 239 is divided by 78?
5
What is the remainder when 4464 is divided by 19?
18
What is the remainder when 168 is divided by 34?
32
What is the remainder when 405 is divided by 92?
37
What is the remainder when 1966 is divided by 116?
110
Calculate the remainder when 2704 is divided by 79.
18
Calculate the remainder when 228 is divided by 10.
8
Calculate the remainder when 488 is divided by 5.
3
What is the remainder when 235 is divided by 35?
25
What is the remainder when 1975 is divided by 652?
19
What is the remainder when 3345 is divided by 186?
183
Calculate the remainder when 811 is divided by 66.
19
Calculate the remainder when 146 is divided by 101.
45
What is the remainder when 404 is divided by 10?
4
What is the remainder when 397 is divided by 92?
29
Calculate the remainder when 819 is divided by 33.
27
What is the remainder when 959 is divided by 305?
44
Calculate the remainder when 238 is divided by 16.
14
Calculate the remainder when 16 is divided by 5.
1
What is the remainder when 2859 is divided by 22?
21
Calculate the remainder when 1687 is divided by 335.
12
Calculate the remainder when 373 is divided by 18.
13
What is the remainder when 268 is divided by 46?
38
Calculate the remainder when 115 is divided by 44.
27
What is the remainder when 843 is divided by 17?
10
Calculate the remainder when 352 is divided by 56.
16
What is the remainder when 574 is divided by 274?
26
Calculate the remainder when 197 is divided by 8.
5
What is the remainder when 338 is divided by 95?
53
Calculate the remainder when 3365 is divided by 336.
5
Calculate the remainder when 648 is divided by 25.
23
Calculate the remainder when 251 is divided by 41.
5
What is the remainder when 335 is divided by 48?
47
What is the remainder when 284 is divided by 11?
9
What is the remainder when 210 is divided by 36?
30
What is the remainder when 365 is divided by 12?
5
What is the remainder when 9879 is divided by 65?
64
What is the remainder when 3842 is divided by 1904?
34
What is the remainder when 224 is divided by 78?
68
Calculate the remainder when 65 is divided by 35.
30
What is the remainder when 34962 is divided by 185?
182
Calculate the remainder when 1608 is divided by 147.
138
What is the remainder when 99 is divided by 29?
12
What is the remainder when 1000 is divided by 123?
16
Calculate the remainder when 103 is divided by 11.
4
What is the remainder when 32336 is divided by 60?
56
What is the remainder when 1816 is divided by 53?
14
Calculate the remainder when 64 is divided by 22.
20
Calculate the remainder when 2847 is divided by 1422.
3
Calculate the remainder when 234 is divided by 63.
45
What is the remainder when 131 is divided by 58?
15
Calculate the remainder when 983 is divided by 41.
40
What is the remainder when 4862 is divided by 64?
62
Calculate the remainder when 427 is divided by 86.
83
What is the remainder when 28 is divided by 12?
4
Calculate the remainder when 164 is divided by 7.
3
What is the remainder when 96 is divided by 16?
0
Calculate the remainder when 325 is divided by 52.
13
What is the remainder when 1117 is divided by 19?
15
Calculate the remainder when 1034 is divided by 80.
74
What is the remainder when 7405 is divided by 4?
1
Calculate the remainder when 1158 is divided by 167.
156
What is the remainder when 811 is divided by 268?
7
Calculate the remainder when 62 is divided by 16.
14
Calculate the remainder when 16 is divided by 9.
7
Calculate the remainder when 32 is divided by 7.
4
What is the remainder when 171 is divided by 20?
11
Calculate the remainder when 432 is divided by 195.
42
Calculate the remainder when 43 is divided by 9.
7
Calculate the remainder when 486 is divided by 123.
117
Calculate the remainder when 70 is divided by 60.
10
Calculate the remainder when 211 is divided by 51.
7
Calculate the remainder when 316 is divided by 151.
14
Calculate the remainder when 228 is divided by 80.
68
What is the remainder when 193 is divided by 28?
25
Calculate the remainder when 3238 is divided by 40.
38
Calculate the remainder when 986 is divided by 62.
56
Calculate the remainder when 111 is divided by 110.
1
What is the remainder when 522 is divided by 7?
4
What is the remainder when 126 is divided by 65?
61
What is the remainder when 164 is divided by 15?
14
Calculate the remainder when 901 is divided by 186.
157
Calculate the remainder when 350 is divided by 98.
56
What is the remainder when 436 is divided by 427?
9
Calculate the remainder when 3249 is divided by 125.
124
What is the remainder when 74 is divided by 35?
4
Calculate the remainder when 437 is divided by 39.
8
What is the remainder when 287 is divided by 38?
21
Calculate the remainder when 198 is divided by 66.
0
Calculate the remainder when 500 is divided by 154.
38
Calculate the remainder when 3494 is divided by 100.
94
Calculate the remainder when 275 is divided by 2.
1
Calculate the remainder when 19 is divided by 16.
3
What is the remainder when 197 is divided by 18?
17
What is the remainder when 809 is divided by 30?
29
What is the remainder when 120 is divided by 16?
8
What is the remainder when 75 is divided by 28?
19
Calculate the remainder when 153 is divided by 45.
18
What is the remainder when 1442 is divided by 283?
27
Calculate the remainder when 269 is divided by 45.
44
What is the remainder when 73754 is divided by 11?
10
Calculate the remai